).
1
Suppose 2*l + l - 18 = 0. Let z(p) be the first derivative of 7 + 8*p - 1/2*p**2. What is z(l)?
2
Let t = -14 - -18. Let h = t - -4. Suppose 3*r + 4 + h = 0. Let v(s) = -s**3 - 3*s**2 + 4*s + 2. Give v(r).
2
Let c = -2051 + 2056. Let h(d) = -d**3 - 3*d**2 - 9*d + 3. Let i(j) = 5*j**3 + 12*j**2 + 37*j - 11. Let r(a) = 9*h(a) + 2*i(a). Calculate r(c).
20
Let q(g) = g**2 - g + 1. Let x(w) = 7*w**2 - 2*w + 2. Suppose -2*i - 15 = -7*i. Let o = i + -1. Let t(d) = o*q(d) - x(d). Calculate t(1).
-5
Let w(k) = 10*k + 3*k**3 - 5*k**3 + k**3 + 52 + 9*k**2 - 46. What is w(10)?
6
Let k be 2926/171 - (-1)/(-9). Let j = -16 + k. Let f(a) = -2*a + 1. Calculate f(j).
-1
Let f(j) = -22*j - 4. Let r = -132 + 130. Calculate f(r).
40
Let i(x) = -2*x + 9 - 5 + 6*x - 3 - x**3. Let l(c) = 2*c**2 + 20*c + 3. Let k be l(-10). Give i(k).
-14
Suppose -6 + 14 = 2*f. Suppose f*n + 18 = -3*b, 3*b - n + 18 = -3*n. Let m(l) = -l**2 - 8*l + 6 + 1 + l. Give m(b).
13
Let t(h) be the first derivative of h**4/4 - 7*h**3/3 + h**2 - 8*h + 3. Let v = 1598 - 1591. Calculate t(v).
6
Let g(z) = -5*z**2 - 1. Let p be g(2). Let d = 33 + p. Let v(t) = t**3 - 12*t**2 - 4. Calculate v(d).
-4
Let q be (-17)/((4 - 5)*1). Let a = q - 11. Let p be (-20)/(-6) - (-4)/a. Let o(n) = n**2 - 4*n + 5. Calculate o(p).
5
Let r(p) = p**3 - 3*p**2 + 8*p - 7. Suppose 0*j - 3*w + 23 = -4*j, 5*j = -w - 24. Let z(d) = -d**2. Let n(a) = j*z(a) - r(a). Determine n(7).
0
Let m be 1 - (-1)/((2/(-14))/1). Let u(n) be the third derivative of -n**6/120 - n**5/12 + n**4/4 + n**3/6 - n**2. Calculate u(m).
1
Let p(l) = -l**2 + 22*l + 5. Let v be p(20). Let z = 43 - v. Let m(j) = 2*j**2 + 2*j - 1. Calculate m(z).
3
Let w(q) = 3*q + 28*q**3 + 1 - 27*q**3 - 3. What is w(3)?
34
Let v(k) = k**2 + 7*k - 9. Let j(q) = -2*q**2 - 15*q + 16. Let y(z) = 3*j(z) + 5*v(z). Give y(-10).
3
Let g(c) = -2*c**2 - 2*c + 16. Let j = 587 + -591. Determine g(j).
-8
Let h(r) = 2*r**3 - 2*r + 18. Let m(v) = v**3 - v + 8. Let q(i) = -2*h(i) + 5*m(i). What is q(-3)?
-20
Let g(c) = 2*c + 12. Let l = -176 + 171. What is g(l)?
2
Suppose -o + 4 + 8 = 4*b, 5*o - 9 = -3*b. Suppose -20 = -5*k + b*k. Suppose -k = -z - 4. Let p(i) = i**3 - 6*i**2 + i - 5. Determine p(z).
1
Let n be (22/33)/(((-4)/(-3))/(-2)). Let m(k) = 21*k**3 + k**2 - k - 1. What is m(n)?
-20
Let x(q) = -3*q - 39. Let i = 358 - 370. Determine x(i).
-3
Suppose 91 + 8 = -3*f. Let y = 46 + f. Let u(v) = 15*v**2 - 3*v - 5. Let g(b) = -7*b**2 + 2*b + 2. Let t(i) = y*g(i) + 6*u(i). What is t(7)?
3
Let c be 6/(-2)*4/30*20. Let f(o) = -o**3 - o**2 - 10. Let m be f(0). Let y = c - m. Let u(n) = -n**3 - 1. Calculate u(y).
-9
Let u(z) = -z + 6. Let l(n) = n**2 - 2*n - 5. Let t be l(4). Suppose 0 = 4*y + 12, 2*y = 3*b + 1 - 7. Suppose b = -t*o + 2*o + 5. Determine u(o).
1
Let q(f) = 6*f - 1. Let d(c) = 13*c - 2. Let j(x) = -4*d(x) + 9*q(x). Let o = 2 - 3. Calculate j(o).
-3
Suppose -4*g + 10 + 10 = p, 4*p = 4*g - 40. Let j(s) be the third derivative of -5*s**4/24 + s**3/6 + 14*s**2. What is j(g)?
-29
Let h(q) = -q**3 - 8*q**2 - 6*q - 1. Suppose 4*g + 357 = 329. Calculate h(g).
-8
Let o(f) = -f**2 - 2*f - 3. Suppose -8*b + 4*b = 0. Suppose -2 + b = n. Let s be o(n). Let t(c) = c**3 + 2*c**2 - 4. Give t(s).
-13
Let t(l) = -l - 9. Let c(j) = 6*j + 235. Let u be c(-38). What is t(u)?
-16
Let y(a) = 1 + a**2 - 26613*a + 26611*a - 12*a**2. Determine y(1).
-12
Let u(t) = -t**2 + t + 1. Let s(m) = -m**2 - m - 2. Let k(n) = s(n) - 2*u(n). Suppose 2*g = 24 - 2. Suppose -g*i + 15 = -16*i. Give k(i).
14
Let o(q) = q**2 + q - 2. Let s be o(-2). Suppose -22 = -f + 3*v, -3*f - 4*v + 15 + 38 = s. Let y(c) = c**2 + 13*c - f*c + 2 + 11*c. Calculate y(-2).
-4
Let t(z) = -z**2. Suppose 5*k = 13 - 3. Suppose -g - 4*g = -k*g. Give t(g).
0
Let o(v) = v**2 - 17*v + 2. Let r(g) = -61*g + 382. Let j be r(6). Give o(j).
-14
Let x(a) be the second derivative of a**8/6720 + a**6/720 + a**5/15 + a**4/6 + 2*a**2 + 6*a + 6. Let c(i) be the third derivative of x(i). What is c(0)?
8
Let t(j) = -22 + j + 76 - 26 - 26. Suppose 0 = -3*g - 3*i + 2 - 11, 12 = -4*g + 4*i. Calculate t(g).
-1
Let x(v) = -10*v + 2*v**2 - 5*v + 25*v - v**2 - 8 - 7*v. Suppose 5*u + 18 = -4*y, u - 2*y + 9 = -y. Determine x(u).
10
Let o(t) = t + 1. Let m(q) = -2. Let p(r) = -7. Let u(a) = -m(a) - p(a). Let c(i) = -o(i) + u(i). Give c(8).
0
Let w(y) = -1 - 2*y**2 + 10*y**3 + 11540*y + 9*y**3 - 9*y**3 - 11543*y. Give w(-1).
-10
Suppose 0 = 89*x - 4 - 174. Let c(t) = 4*t**2 - 13*t + 3. Calculate c(x).
-7
Let g(p) = p**3 - 5*p**2 - 3*p. Let f be (-80)/(-15) + (-6)/18. Calculate g(f).
-15
Let b(a) = a**3 - 11*a**2 + 4*a - 15. Let t be b(11). Let n = 23 - t. Let v(u) = u**2 + 7*u - 1. Let q(l) = -1. Let o(r) = -6*q(r) + v(r). Determine o(n).
-1
Suppose 2*a - l = -5, 3*a - 5*l = 8 - 33. Let q be (3 + -12 - -4) + 393. Let y(b) = -q*b**2 - 6 + 189*b**2 + b**3 + 199*b**2 + b. What is y(a)?
-6
Let p(r) = 2*r + 1. Let y(l) = 2*l + 21. Let u be y(-9). Let b be 8 - 3*(u - 2). What is p(b)?
11
Let m(n) = -n**2 - 9*n - 8. Suppose 2*j = v + 4 + 4, -4*v + 3*j = 37. Determine m(v).
-18
Let s(d) be the third derivative of d**8/20160 + d**7/1260 + d**6/360 + 11*d**5/30 + 29*d**2. Let n(m) be the third derivative of s(m). Give n(-4).
2
Let l(x) = -3*x - 2. Suppose 14 = 5*m - 56. Let r be (2 - -1)/((-21)/m). Calculate l(r).
4
Let f(k) be the first derivative of 22 + k**2 + 13 - 8 + 2*k. Give f(2).
6
Let v(g) = 6*g**2. Suppose -15*p + 829 = 844. What is v(p)?
6
Let k(j) = -j**3 - 3495*j - 2 - 6*j**2 + 4 + 3501*j. Let x be k(-7). Let m(c) = c**3 - 9*c**2 - 3. Calculate m(x).
-3
Let h(c) = -2*c + 1. Let k(w) = -7*w + 8. Let q(l) = 6*h(l) - 2*k(l). Determine q(8).
6
Let b(n) be the first derivative of 6*n**4 - 2*n**3/3 - n**2 - n - 431. Calculate b(-1).
-25
Let w(l) be the first derivative of -l**4/4 - 8*l**3/3 - l - 10. Let x = -10 + 18. Suppose 0 = -0*d + d + x. Give w(d).
-1
Let c(z) = -z**3 - 5*z**2 - 4*z - 1. Let s be 15/30 + 213/(-2). Let a = s - -102. What is c(a)?
-1
Let w(y) = -2*y**2 + 8*y - 5. Let l be (390/(-104))/((-3)/4). Give w(l).
-15
Let r(u) = 3*u**2 - u**3 - 5*u**2 - u**2 - u + 8 + 4*u. Let i(c) = c**3 + 3*c**2 - 3*c - 9. Let f(s) = 5*i(s) + 6*r(s). Let n be (8/6)/(2/(-6)). Determine f(n).
7
Suppose -36*y = -21*y + 15. Let q(n) = 9*n - 1. Let d(u) = 1. Let f(g) = -2*d(g) - q(g). Give f(y).
8
Let w(t) = 23*t + 1. Let r be 170/(-34) + 6 + -2. Determine w(r).
-22
Let z(r) = -4 - 2 - 1 + 6 - r. Let y(f) = -2*f - 5. Let o(s) = -y(s) + 4*z(s). Let a be (-4)/6 - (-2)/(-6). Calculate o(a).
3
Let t = 339 - 336. Suppose -5*o - g = -0*o - 10, -4*o = -5*g - 37. Let l(x) = -x**2 + o*x + 3 + 0*x**2 + 0*x**2. Calculate l(t).
3
Let d(b) = -3*b**3 + b**2 + 1. Suppose -31*q + 2*q = 29. What is d(q)?
5
Suppose 4*v - 29 = 7*c, 3*v - 15*c = -18*c + 30. Let a(r) = r**2 + r + 1. Let z(s) = -10*s. Let j(l) = -a(l) - z(l). Calculate j(v).
-1
Let n(g) = -2*g**2 - 7*g + 4. Let f be n(-3). Let y = f - 11. Let x(t) = -t - 1. Calculate x(y).
3
Suppose -11 = 5*w + 3*q - 2*q, -4*w - 2*q = 4. Let o(a) = 3*a - 2*a + 12303 - 12301. What is o(w)?
-1
Let k(x) = -8*x**2 - 7*x - 3*x + 0 + 13 + 9*x**2. What is k(8)?
-3
Let r(a) be the second derivative of -a**4/6 + a**3/3 + a**2 - 2*a. Let j be -18 - 3*220/(-33). Determine r(j).
-2
Let c(r) be the second derivative of -5*r**3/3 + r**2 + 25*r + 3. Determine c(-1).
12
Let b(s) be the third derivative of -s**4/12 - 5*s**3/6 + s**2. Let c be b(-7). Let w(q) = -q**3 + q**2 + 13*q - 11*q + 8*q - 19*q + 9*q**2 + 3. Calculate w(c).
3
Suppose 237*d = 240*d + 6. Let s(v) = -v**2 + 2. Calculate s(d).
-2
Let b = -359 + 366. Let n(q) = -q**2 + 7*q - 2. Determine n(b).
-2
Let s(o) = o**2 + 6*o + 3. Suppose 12 = -2*b + 4*j, 3*b + 4 = 3*j - 2. Suppose -g - 21 = b*g. Give s(g).
10
Let g(z) be the first derivative of 2*z**2 + z - 42. Give g(1).
5
Let c(z) = -15*z + 3. Let s = 1100 + -1102. What is c(s)?
33
Suppose 4*w = q - 3*q + 28, 3*w - 4*q = 10. Let c(p) = -4*p**2 + 1 + 9 - 3*p - w + p**3 + p**2. Give c(3).
-5
Suppose 42*z - 38*z = -2*u - 28, 3*z + 56 = -5*u. Let i(y) = -y**2 - 7*y + 28. Give i(u).
-2
Let s(h) = h**3 + 3*h**2 + 6*h + 6. Let v be s(-3). Let w be -3*(-3 + (-44)/v). Let y(i) = -2*i**2 - 4*i - 2. Give y(w).
-2
Let x(q) = -q**3 - 5*q**2 + 2*q + 6. Le